{"id":2,"date":"2015-11-23T10:40:55","date_gmt":"2015-11-23T10:40:55","guid":{"rendered":"https:\/\/rv-falke.de\/?page_id=2"},"modified":"2016-07-02T12:19:08","modified_gmt":"2016-07-02T12:19:08","slug":"sample-page","status":"publish","type":"page","link":"https:\/\/rv-falke.de\/","title":{"rendered":"Der Verein"},"content":{"rendered":"\n<!-- ngfb schema image for pinterest pin it button -->\n<div class=\"ngfb-schema-image-for-pinterest\" style=\"display:none;\">\n<img loading=\"lazy\" decoding=\"async\" src=\"https:\/\/rv-falke.de\/wp-content\/uploads\/2015\/11\/Logo_wei\u00df_schnitt.png\" width=\"0\" height=\"0\" style=\"width:0;height:0;\" data-pin-description=\"Der Radsportverein RV-Falke Lebach kann auf eine &uuml;ber 100 j&auml;hrige Tradition zur&uuml;ck blicken. Stand in den fr&uuml;heren Jahren der Stra&szlig;enrennsport im Vordergrund, so hat der Verein sich jetzt auch in den letzten Jahren dem Mountain Biken ge&ouml;ffnet. Der...\" alt=\"\"\/>\n<\/div><!-- .ngfb-schema-image-for-pinterest -->\n\n<hr \/>\n<p>Der Radsportverein RV-Falke Lebach kann auf eine \u00fcber 100 j\u00e4hrige Tradition zur\u00fcck blicken. Stand in den fr\u00fcheren Jahren der Stra\u00dfenrennsport im Vordergrund, so hat der Verein sich jetzt auch in den letzten Jahren dem Mountain Biken ge\u00f6ffnet. Der Stra\u00dfen Rennsport ist immer noch im Verein fest verankert. Allerdings steht auch der Breitensport und der Spa\u00df am Radsport allgemein nun mehr im Fokus. Dies wird durch einen monatlich stattfindenden Radler Stammtisch\u00a0deutlich unterstrichen. Dort treffen sich die Vereinsmitglieder zum Bowling und zum Austausch\u00a0im Thema Radsport. Sehr gerne sind dort auch alle Radsport Fans, welche nicht im Verein sind,\u00a0willkommen.<\/p>\n<p>Jeden Sonn<img loading=\"lazy\" decoding=\"async\" class=\"alignleft wp-image-81 \" src=\"https:\/\/rv-falke.de\/wp-content\/uploads\/2015\/11\/Logo_wei\u00df_schnitt-300x228.png\" alt=\"RV-Falke Lebach\" width=\"120\" height=\"91\" srcset=\"https:\/\/rv-falke.de\/wp-content\/uploads\/2015\/11\/Logo_wei\u00df_schnitt-300x228.png 300w, https:\/\/rv-falke.de\/wp-content\/uploads\/2015\/11\/Logo_wei\u00df_schnitt.png 505w\" sizes=\"auto, (max-width: 120px) 100vw, 120px\" \/>tag findet ein gemeinsames Training mit dem Rennrad statt. Start ist in K\u00f6rprich. Dieser Rennrad Treff\u00a0ist im Saarland schon legend\u00e4r. Besteht er doch schon viele Jahrzehnte. Der Treff findet ganzj\u00e4hrig statt und fast bei jedem Wetter. Nur Eis und Schnee so wie ein Orkan, kann die Falken vom Radfahren dort abhalten.<\/p>\n<p>Die Breitensport Vertreter im Verein nehmen regelm\u00e4\u00dfig an den Radtourenfahrten der saarl\u00e4ndischen und angrenzenden rheinlandpf\u00e4lzischen Vereine teil. Dort werden flei\u00dfig Kilometer gesammelt und am Radler Stammtisch wird \u00fcber das Erlebte berichtet.<\/p>\n<p>Details zu den Aktivit\u00e4ten des Vereins findet ihr auf unserer Webseite und auch unter Facebook.<\/p>\n<hr \/>\n<p>&nbsp;<\/p>\n<p>&nbsp;<\/p>\n<p><em>\u00a0<\/em><\/p>\n<p>&nbsp;<\/p>\n<p>&nbsp;<\/p>\n\n<!-- NgfbSharing::get_buttons content filter skipped: buttons_on_index not enabled -->\n","protected":false},"excerpt":{"rendered":"<p>Der Radsportverein RV-Falke Lebach kann auf eine \u00fcber 100 j\u00e4hrige Tradition zur\u00fcck blicken. Stand in den fr\u00fcheren Jahren der Stra\u00dfenrennsport<br \/>\n<!-- NgfbSharing::get_buttons excerpt filter skipped: buttons_on_index not enabled --><\/p>\n","protected":false},"author":1,"featured_media":0,"parent":0,"menu_order":0,"comment_status":"closed","ping_status":"open","template":"","meta":{"colormag_page_container_layout":"default_layout","colormag_page_sidebar_layout":"default_layout","footnotes":""},"class_list":["post-2","page","type-page","status-publish","hentry"],"_links":{"self":[{"href":"https:\/\/rv-falke.de\/index.php\/wp-json\/wp\/v2\/pages\/2","targetHints":{"allow":["GET"]}}],"collection":[{"href":"https:\/\/rv-falke.de\/index.php\/wp-json\/wp\/v2\/pages"}],"about":[{"href":"https:\/\/rv-falke.de\/index.php\/wp-json\/wp\/v2\/types\/page"}],"author":[{"embeddable":true,"href":"https:\/\/rv-falke.de\/index.php\/wp-json\/wp\/v2\/users\/1"}],"replies":[{"embeddable":true,"href":"https:\/\/rv-falke.de\/index.php\/wp-json\/wp\/v2\/comments?post=2"}],"version-history":[{"count":23,"href":"https:\/\/rv-falke.de\/index.php\/wp-json\/wp\/v2\/pages\/2\/revisions"}],"predecessor-version":[{"id":136,"href":"https:\/\/rv-falke.de\/index.php\/wp-json\/wp\/v2\/pages\/2\/revisions\/136"}],"wp:attachment":[{"href":"https:\/\/rv-falke.de\/index.php\/wp-json\/wp\/v2\/media?parent=2"}],"curies":[{"name":"wp","href":"https:\/\/api.w.org\/{rel}","templated":true}]}}