{"id":86,"date":"2016-05-17T13:51:12","date_gmt":"2016-05-17T13:51:12","guid":{"rendered":"https:\/\/rv-falke.de\/?page_id=86"},"modified":"2016-05-17T13:51:12","modified_gmt":"2016-05-17T13:51:12","slug":"impressum-datenschutz","status":"publish","type":"page","link":"https:\/\/rv-falke.de\/index.php\/impressum-datenschutz\/","title":{"rendered":"Impressum \/ Datenschutz"},"content":{"rendered":"<h2><img loading=\"lazy\" decoding=\"async\" class=\"alignnone wp-image-87\" src=\"https:\/\/rv-falke.de\/wp-content\/uploads\/2016\/05\/Impressum-1024x384.png\" alt=\"Impressum\" width=\"694\" height=\"260\" srcset=\"https:\/\/rv-falke.de\/wp-content\/uploads\/2016\/05\/Impressum-1024x384.png 1024w, https:\/\/rv-falke.de\/wp-content\/uploads\/2016\/05\/Impressum-300x113.png 300w, https:\/\/rv-falke.de\/wp-content\/uploads\/2016\/05\/Impressum-640x240.png 640w, https:\/\/rv-falke.de\/wp-content\/uploads\/2016\/05\/Impressum.png 1890w\" sizes=\"auto, (max-width: 694px) 100vw, 694px\" \/><\/h2>\n<h2>Datenschutzerkl\u00e4rung<\/h2>\n<h4>Allgemeines<\/h4>\n<p>Wir\u00a0freuen\u00a0uns \u00fcber Ihr Interesse an\u00a0uns und\u00a0unserer Internetseite. An dieser Stelle m\u00f6chten\u00a0wir Sie \u00fcber die Erhebung, Verwendung und Nutzung der bei einem Besuch\u00a0unserer Internetseite anfallenden Daten zu\u00a0informieren. Diese Datenschutzerkl\u00e4rung kann \u00fcber\u00a0unsere Internetseite jederzeit abgerufen werden.\u00a0Unser\u00a0Umgang mit den Daten und deren Schutz richten sich nach den gesetzlichen Bestimmungen des Datenschutzrechts der Bundesrepublik Deutschland, insbesondere nach dem Telemediengesetz und dem Bundesdatenschutzgesetz. Bei Fragen und Anliegen zu dieser Datenschutzerkl\u00e4rung oder zum Datenschutz auf unserer Internetseite k\u00f6nnen Sie sich jederzeit schriftlich an\u00a0mich wenden:<\/p>\n<p><a href=\"https:\/\/rv-falke.de\/wp-content\/uploads\/2016\/05\/Impressum01.jpg\"><img loading=\"lazy\" decoding=\"async\" class=\"alignnone wp-image-89\" src=\"https:\/\/rv-falke.de\/wp-content\/uploads\/2016\/05\/Impressum01-300x200.jpg\" alt=\"Impressum01\" width=\"161\" height=\"107\" \/><\/a><\/p>\n<h4>Bei der Nutzung der Internetseite automatisch anfallende Daten<\/h4>\n<p>Die Nutzung\u00a0unserer Internetseite ist grunds\u00e4tzlich ohne die Angabe personenbezogener Daten m\u00f6glich. Die Funktionsweise des Internets basiert allerdings darauf, dass zwischen dem Computer\/Browser des Nutzers und dem Server des Betreibers der Internetseite technische Informationen ausgetauscht werden, damit eine Kommunikation und Daten\u00fcbertragung stattfinden kann. Zu den \u00fcbertragenen Daten geh\u00f6ren hierbei Datum und Zeitpunkt des Zugriffs auf die Internetseite, die abgerufenen Dateien und die Menge der gesendeten Daten, Angaben \u00fcber Browser und Betriebssystem sowie den Internetprovider, ggf. Angaben zu einer zu\u00a0uns verweisenden Internetseite und Ihre IP-Adresse(n) zum Zeitpunkt des Aufrufens unserer Internetseite. Die Registrierung und Speicherung dieser Daten erfolgt grunds\u00e4tzlich anonym und erlaubt\u00a0uns in dieser Form keine R\u00fcckschl\u00fcsse auf Ihre Person, die Daten werden zudem nach Ende der Nutzung grunds\u00e4tzlich wieder gel\u00f6scht. Ausnahmen hiervon bestehen nur, sofern\u00a0wir gesetzlich dazu verpflichtet\u00a0werden oder sofern Sie dem zustimmen.<\/p>\n<h4>Weitergabe an Dritte<\/h4>\n<p>Grunds\u00e4tzlich erfolgt eine Weitergabe Ihrer personenbezogenen Daten an Dritte nicht. Eine Weitergabe erfolgt nur dann, wenn\u00a0wir gesetzlich dazu verpflichtet werden. Dies ist beispielsweise der Fall, wenn die zust\u00e4ndigen, \u00f6ffentlichen Stellen im Einzelfall Auskunft begehren und diese f\u00fcr Zwecke der Strafverfolgung, zur Gefahrenabwehr oder zur Durchsetzung der Rechte am geistigen Eigentum erforderlich ist. Dar\u00fcber hinaus erfolgt eine Weitergabe nur mit Ihrer vorherigen Einwilligung. Eine einmal erteilte Einwilligung kann mit Wirkung f\u00fcr die Zukunft jederzeit widerrufen werden.<\/p>\n<h4>Aufbewahrung der Daten<\/h4>\n<p>Die Daten werden grunds\u00e4tzlich solange aufgehoben, wie sie f\u00fcr den Zweck, zu dem sie erhoben worden sind, ben\u00f6tigt werden. Dar\u00fcber hinaus bestimmen sich\u00a0unsere Pflichten zur Aufbewahrung und letztlichen L\u00f6schung der unterschiedlichen Daten jeweils nach den g\u00fcltigen gesetzlichen Bestimmungen.<\/p>\n<h4>Cookies<\/h4>\n<p>Unsere\u00a0Homepage benutzt (\u00absetzt\u00bb) sogenannte Cookies. Bei Cookies handelt es sich um kleine Textdateien, die bei der Benutzung\u00a0meiner Internetseite auf Ihrem Computer gespeichert werden. Sie k\u00f6nnen die Installation von Cookies durch eine entsprechende Einstellung Ihres Browsers verhindern. Dadurch k\u00f6nnen Sie aber eventuell nicht s\u00e4mtliche Funktionen\u00a0meiner Internetseite vollumf\u00e4nglich nutzen.<\/p>\n<h4>Rechte des Nutzers<\/h4>\n<p>Sie haben das Recht, von\u00a0uns unentgeltlich Auskunft zu verlangen \u00fcber die zu Ihrer Person oder zu Ihrem Pseudonym gespeicherten Daten, einer m\u00f6glichen Weitergabe an Dritte und dem Zweck, zu dem die Daten gespeichert werden. Die Auskunft kann auf Ihr Verlangen hin auch elektronisch erteilt werden. <a href=\"http:\/\/rundertritt.de\/wp-content\/uploads\/2014\/07\/Impressum.png\"><span style=\"color: #dd3333;\">\u00a0<\/span><\/a><\/p>\n<h4>Datenschutzerkl\u00e4rung f\u00fcr die Nutzung von Facebook-Plugins (Like-Button) *<\/h4>\n<p>Auf unseren Seiten sind Plugins des sozialen Netzwerks Facebook, 1601 South California Avenue, Palo Alto, CA 94304, USA integriert. Die Facebook-Plugins erkennen Sie an dem Facebook-Logo oder dem \u201eLike-Button\u201c (\u201eGef\u00e4llt mir\u201c) auf unserer Seite. Eine \u00dcbersicht \u00fcber die Facebook-Plugins finden Sie hier: <a href=\"http:\/\/developers.facebook.com\/docs\/plugins\/\" target=\"_blank\" rel=\"nofollow\"><u>http:\/\/developers.facebook.com\/docs\/plugins\/<\/u><\/a> Wenn Sie unsere Seiten besuchen, wird \u00fcber das Plugin eine direkte Verbindung zwischen Ihrem Browser und dem Facebook-Server hergestellt. Facebook erh\u00e4lt dadurch die Information, dass Sie mit Ihrer IP-Adresse unsere Seite besucht haben. Wenn Sie den Facebook \u201eLike-Button\u201c anklicken w\u00e4hrend Sie in Ihrem Facebook-Account eingeloggt sind, k\u00f6nnen Sie die Inhalte unserer Seiten auf Ihrem Facebook-Profil verlinken. Dadurch kann Facebook den Besuch unserer Seiten Ihrem Benutzerkonto zuordnen. Wir weisen darauf hin, dass wir als Anbieter der Seiten keine Kenntnis vom Inhalt der \u00fcbermittelten Daten sowie deren Nutzung durch Facebook erhalten. Weitere Informationen hierzu finden Sie in der Datenschutzerkl\u00e4rung von facebook unter <a href=\"http:\/\/de-de.facebook.com\/policy.php\" target=\"_blank\" rel=\"nofollow\"><u>http:\/\/de-de.facebook.com\/policy.php<\/u><\/a><\/p>\n<p>Wenn Sie nicht w\u00fcnschen, dass Facebook den Besuch unserer Seiten Ihrem Facebook-Nutzerkonto zuordnen kann, loggen Sie sich bitte aus Ihrem Facebook-Benutzerkonto aus.<\/p>\n<h4><strong>Datenschutzerkl\u00e4rung f\u00fcr die Nutzung von Google +1 *<\/strong><\/h4>\n<p>Unsere Seiten nutzen Funktionen von Google +1. Anbieter ist die Google Inc. 1600 Amphitheatre Parkway Mountain View, CA 94043,\u00a0 USA.<\/p>\n<p>Erfassung und Weitergabe von Informationen: Mithilfe der Google +1-Schaltfl\u00e4che k\u00f6nnen Sie Informationen weltweit ver\u00f6ffentlichen. \u00fcber die Google +1-Schaltfl\u00e4che erhalten Sie und andere Nutzer personalisierte Inhalte von Google und unseren Partnern. Google speichert sowohl die Information, dass Sie f\u00fcr einen Inhalt +1 gegeben haben, als auch Informationen \u00fcber die Seite, die Sie beim Klicken auf +1 angesehen haben. Ihre +1 k\u00f6nnen als Hinweise zusammen mit Ihrem Profilnamen und Ihrem Foto in Google-Diensten, wie etwa in Suchergebnissen oder in Ihrem Google-Profil, oder an anderen Stellen auf Websites und Anzeigen im Internet eingeblendet werden. Google zeichnet Informationen \u00fcber Ihre +1-Aktivit\u00e4ten auf, um die Google-Dienste f\u00fcr Sie und andere zu verbessern. Um die Google +1-Schaltfl\u00e4che verwenden zu k\u00f6nnen, ben\u00f6tigen Sie ein weltweit sichtbares, \u00f6ffentliches Google-Profil, das zumindest den f\u00fcr das Profil gew\u00e4hlten Namen enthalten muss. Dieser Name wird in allen Google-Diensten verwendet. In manchen F\u00e4llen kann dieser Name auch einen anderen Namen ersetzen, den Sie beim Teilen von Inhalten \u00fcber Ihr Google-Konto verwendet haben. Die Identit\u00e4t Ihres Google- Profils kann Nutzern angezeigt werden, die Ihre E-Mail-Adresse kennen oder \u00fcber andere identifizierende Informationen von Ihnen verf\u00fcgen.<\/p>\n<p>Verwendung der erfassten Informationen: Neben den oben erl\u00e4uterten Verwendungszwecken werden die von Ihnen bereitgestellten Informationen gem\u00e4\u00df den geltenden Google-Datenschutzbestimmungen genutzt. Google ver\u00f6ffentlicht m\u00f6glicherweise zusammengefasste Statistiken \u00fcber die +1-Aktivit\u00e4ten der Nutzer bzw. gibt diese an Nutzer und Partner weiter, wie etwa Publisher, Inserenten oder verbundene Websites.<\/p>\n<p><em><strong>* Quelle:<\/strong> <a href=\"http:\/\/www.e-recht24.de\/artikel\/datenschutz\/6590-facebook-like-button-datenschutz-disclaimer.html\" target=\"_blank\" rel=\"nofollow\"><u>eRecht24.de<\/u><\/a><\/em><\/p>\n\n<!-- NgfbSharing::get_buttons content filter skipped: buttons_on_index not enabled -->\n","protected":false},"excerpt":{"rendered":"<p>Datenschutzerkl\u00e4rung Allgemeines Wir\u00a0freuen\u00a0uns \u00fcber Ihr Interesse an\u00a0uns und\u00a0unserer Internetseite. An dieser Stelle m\u00f6chten\u00a0wir Sie \u00fcber die Erhebung, Verwendung und Nutzung<br \/>\n<!-- NgfbSharing::get_buttons excerpt filter skipped: buttons_on_index not enabled --><\/p>\n","protected":false},"author":1,"featured_media":0,"parent":0,"menu_order":0,"comment_status":"closed","ping_status":"closed","template":"","meta":{"colormag_page_container_layout":"default_layout","colormag_page_sidebar_layout":"default_layout","footnotes":""},"class_list":["post-86","page","type-page","status-publish","hentry"],"_links":{"self":[{"href":"https:\/\/rv-falke.de\/index.php\/wp-json\/wp\/v2\/pages\/86","targetHints":{"allow":["GET"]}}],"collection":[{"href":"https:\/\/rv-falke.de\/index.php\/wp-json\/wp\/v2\/pages"}],"about":[{"href":"https:\/\/rv-falke.de\/index.php\/wp-json\/wp\/v2\/types\/page"}],"author":[{"embeddable":true,"href":"https:\/\/rv-falke.de\/index.php\/wp-json\/wp\/v2\/users\/1"}],"replies":[{"embeddable":true,"href":"https:\/\/rv-falke.de\/index.php\/wp-json\/wp\/v2\/comments?post=86"}],"version-history":[{"count":8,"href":"https:\/\/rv-falke.de\/index.php\/wp-json\/wp\/v2\/pages\/86\/revisions"}],"predecessor-version":[{"id":205,"href":"https:\/\/rv-falke.de\/index.php\/wp-json\/wp\/v2\/pages\/86\/revisions\/205"}],"wp:attachment":[{"href":"https:\/\/rv-falke.de\/index.php\/wp-json\/wp\/v2\/media?parent=86"}],"curies":[{"name":"wp","href":"https:\/\/api.w.org\/{rel}","templated":true}]}}